-6 - 3. Determine a(q).
0
Let t be 4 + -4 + -2 + 6. Let x(g) = -3*g + 2*g + t + 1. Give x(0).
5
Suppose -4*i + 2 = 4*k - 6, -4*i + 17 = -5*k. Let t(w) = -2*w**3 + 2*w**2 + 2*w + 1. Determine t(k).
3
Let s(a) = a + 3. Let l(w) = w**2 + 5*w + 2. Let c be l(-4). Let y(j) = j + 2. Let p(n) = c*s(n) + 3*y(n). Let t(d) = -d - 3. Let o be t(-6). Determine p(o).
3
Let a(i) = 9*i**2 + 7*i + 1. Let v(k) = 10*k**2 + 8*k + 1. Let p be 4/26 - 152/(-26). Let f(q) = p*a(q) - 5*v(q). Give f(-1).
3
Let z(l) = -2 + l - 2*l + 4*l**2 + l**3 - l**2. What is z(-2)?
4
Suppose -2*z - 33 = -29. Let n(g) = 4*g + 3. Calculate n(z).
-5
Suppose 2*v - 15 = -3*v. Let s(p) = -p - 2*p**2 + 0*p**3 + 1 - p**v + 3*p**2 + 2*p. Let d be s(-1). Let x(o) = -o**2 + o - 2. Determine x(d).
-4
Let i(d) = -4*d + 1. Let s(f) = f. Let h(g) = i(g) + s(g). Calculate h(-4).
13
Let p = -19 - -24. Suppose -p*n + 21 - 1 = 0. Let s(j) = j - 1. Calculate s(n).
3
Let d(f) = -8 + 2 + 3 - f + 1. Calculate d(-6).
4
Let m(u) be the first derivative of -u**3/3 - 3*u**2 + 67. Let y be (0 + 4)*3/6. Let i be ((-3)/2)/(1/y). Determine m(i).
9
Suppose -o - q - 2*q - 4 = 0, 0 = -4*o + 2*q + 12. Suppose -10 - o = 6*z. Let s(j) = j**3 + j**2 + 2*j + 2. Determine s(z).
-6
Let r(z) = -160*z - 1 + 161*z - 1 + 1. What is r(4)?
3
Let h = 1 + 7. Let j = 6 - h. Let v(o) = -2*o**3 - 3*o**2 + o + 2. Determine v(j).
4
Let w(i) be the first derivative of -i**4/4 + 4*i**3/3 - 5*i**2/2 + 3*i + 2. Suppose 0 = -0*h - 8*h + 24. Give w(h).
-3
Let d(t) = -t**3 - 7*t**2 - 6*t + 3. Let p = -6 + 6. Suppose p*o + 3*o = -3*j - 15, -5*o = -j - 11. Give d(j).
3
Let k(t) be the second derivative of t**6/120 - t**3/6 + 3*t**2 + 4*t. Let b(m) be the first derivative of k(m). Let l = 3 + -2. What is b(l)?
0
Let m(x) = 3*x + x - 44 - x + 45. Let z = 4 - 2. Give m(z).
7
Let s be (-117)/36 - (-6)/(-8). Let l(w) = 2*w - 3. Give l(s).
-11
Let k(b) be the first derivative of 2 + 0*b + 1/12*b**4 + 0*b**2 - 1/120*b**5 - b**3. Let z(a) be the third derivative of k(a). Determine z(2).
0
Let o(m) be the second derivative of m**5/20 - m**4/12 + m**3/3 - m**2/2 - 14*m. Give o(-2).
-17
Let k(w) be the third derivative of -w**4/8 - w**3/3 + 2*w**2. Suppose 2*x - 12 = 6*x. Determine k(x).
7
Let q(b) = b**2 - 8*b - 4. Suppose 0 = -n + 2*n + 2. Let s be 56/(-21)*(n + -1). What is q(s)?
-4
Let i(c) = -c - 4. Let x be i(-4). Let h be (-2)/4*x/(-2). Let d be (-21)/3 + h + 2. Let l(a) = -a**2 - 5*a - 4. Calculate l(d).
-4
Suppose -o - 3*o + 28 = 0. Let m(i) = -5*i**2 - i + 2. Let w(u) = 4*u**2 + 2*u - 1. Let n(d) = 5*m(d) + 6*w(d). What is n(o)?
4
Suppose 4*n = z + 18, -n + 4*z = 3*z - 3. Let w(k) = k - 11. Give w(n).
-6
Let x = 59 + -50. Let n(a) = -a**3 + 8*a**2 + 10*a - 4. What is n(x)?
5
Let x(r) = -r**2 + 6*r - 2 - 2*r + r. Let m be x(4). Let o(p) = -p**3 + p**2 + 2*p - 2. Calculate o(m).
-2
Let b(m) be the second derivative of -m**3/3 + m**2 + 11*m. Suppose -5*p = -4 - 11. Let o = p - 5. What is b(o)?
6
Let d(j) = -j**2 + j. Let v(m) = 3*m**2 - 6*m - 1. Let i be (-13 - -14)/(1/2). Let r(l) = i*d(l) + v(l). What is r(5)?
4
Suppose 0 = 3*u - 4*u - 2, -5*v + 9 = 3*u. Let l be 2 + (v - 3)/2. Let t(q) = -q**2 - q + 2. Calculate t(l).
-4
Let p(s) be the first derivative of 5/3*s**3 + 3/2*s**2 - 7*s - 1/4*s**4 + 5. Give p(5).
8
Let l = 7 + -12. Let d = 3 + 0. Let p(h) = -h**2 - d - h + h - 5*h. Give p(l).
-3
Let u = -59 + 56. Let j(y) = 0 + 8 + 1 - 2 + y. Calculate j(u).
4
Let n(s) = -10 - 3*s - 2*s + 7*s - 3*s. Let b be n(-3). Let g(i) = -i**3 - 6*i**2 + 7*i + 3. Determine g(b).
3
Let k(f) = f**3 + 11*f**2 + 9*f - 10. Suppose 0 = 3*z + 19 + 11. What is k(z)?
0
Let x(v) = -v + 4. Let m(s) = -3*s + 4 + 4 + 9 - 4. Let k(z) = -2*m(z) + 7*x(z). Calculate k(2).
0
Let y(b) = -b - 5*b**3 + 2*b - 3*b**3 - 2 + 7*b**3. Give y(0).
-2
Let l(n) = 2*n + 3. Suppose -25 = 4*d + 5*j, d + j + 5 = 2*d. Let v = -2 + d. What is l(v)?
-1
Let l(v) = 2*v - 9 + 6 - 1. Give l(4).
4
Let m(b) = -7 - 1595*b - 4*b**2 + 1595*b - b**3 + 3. Give m(-4).
-4
Let f be 8/(-2 - 0/(-4)). Let d(r) = -r**3. Let w(c) = 7*c**3 + 4*c**2 + 3*c + 3. Let b(t) = 6*d(t) + w(t). Determine b(f).
-9
Let f(m) = -m**3 + 4*m**2 + 6*m - 2. Let g be f(5). Let x = -20 + 22. Let t(i) = -2 - 2 - i**3 + 2*i**x + i + 4. Calculate t(g).
-6
Let p(s) = -s - 1. Suppose -2*t + t - 2*k = -9, -2*k = -2*t - 12. Let c(q) = -5*q**2 - q - 1. Let y be c(t). Let u be (6/y)/((-4)/10). What is p(u)?
-4
Let b(o) = -o - 1. Let x(c) = -2*c - 2*c - 9 + 2*c - 3. Let f be x(-8). What is b(f)?
-5
Let y(f) be the first derivative of f**2/2 - 5*f - 2. Suppose -4*z + 2*j - 7 = 3, j - 5 = -5*z. Let m be y(z). Let o(k) = -k**3 - 5*k**2 - k - 2. Give o(m).
3
Suppose -3*m - 47 = -8. Let s = m + 8. Let t(n) be the second derivative of -n**4/12 - 2*n**3/3 + 3*n**2 + 2*n. Give t(s).
1
Let f(g) = -1 - 4*g - 2 + 4. Calculate f(4).
-15
Let l(y) = -y**2 + 6*y - 1. Let m be l(5). Suppose 2*x + 3*x - m*i + 1 = 0, -5*i = -20. Let p(g) = -g**x - 5 + 5 + 0*g**3. Give p(0).
0
Let h be -1 + -3 + 4/2. Let k(l) = 2*l**3 + 2*l**2 + l. Let i(r) = 7*r**3 + 8*r**2 - 3. Let a(m) = i(m) - 3*k(m). Give a(h).
3
Let s(y) = -5*y**2 - 1. Let j = -32 - -31. What is s(j)?
-6
Let q be (4/(-10))/((-8)/20). Let r(v) = 7*v**2 - 8*v + 5. Let m(a) = -a**2 + a - 1. Let t(u) = q*r(u) + 6*m(u). Give t(3).
2
Let v(n) = -4*n + 3 + n - 2*n**2 + 3*n**2 + 0*n. Determine v(2).
1
Suppose 8*m - 9*m = -1. Let d(l) = -7*l**2 - 2*l + 1. Determine d(m).
-8
Let t be 4/3 - 2/6. Suppose -2*j = 2*j - 8. Let h(c) = 1 + j*c - t. Determine h(-2).
-4
Let b(l) = -l**3 + 23*l**2 - 21*l - 22. Let s be b(22). Let p(g) = 7*g - 3. Let c(n) = -3*n + 2. Let j(a) = 5*c(a) + 2*p(a). Calculate j(s).
4
Let s(n) = 0*n + 0*n + n - 2*n. Calculate s(2).
-2
Suppose -22 = -4*p + 2. Suppose -5*g - p = g. Let t(b) = b**3 + 3*b**3 + b - 5*b**3. Calculate t(g).
0
Let t be -1 - 4/(-6)*-3. Let s(o) be the first derivative of o**4/4 + o**3 + o**2/2 - 3*o + 62. Determine s(t).
-6
Let w(p) = 3*p. Let r be w(1). Let g(l) = 5*l - 5*l - l - 2*l. Calculate g(r).
-9
Let g(a) be the second derivative of 2*a**3/3 + 3*a**2/2 + 9*a. Determine g(-2).
-5
Let t(q) = 2*q + 3. Let b(x) = -x**2 - 7*x - 1. Let w be b(-5). Suppose -7*j + w*j = -4. Give t(j).
-1
Suppose 27 = 2*o + o. Let d(v) = 2*v - o - v + 15. Determine d(-3).
3
Suppose -2*g = 3*g - 15. Let k(r) = g*r - 5*r - 2 + 3 - 4. Determine k(-2).
1
Let i(d) be the second derivative of -d**5/20 + d**4/3 - 2*d**3/3 + d**2 + 60*d. Determine i(2).
2
Let l(j) = j**3 - 5*j**2 + 4*j + 4. Let z be l(4). Let m(w) = w - 2*w + w**2 + 4 + 3*w + z*w. Let v be m(-6). Let s(b) = 3*b - 6. Calculate s(v).
6
Let j(g) = -31 - g**3 + 7*g**2 + 6*g - 8*g + 37. Give j(7).
-8
Let s be (-4)/10 - 4/(-10). Let q(o) = -5*o - 3. Let g(k) = 14*k + 8. Let i(r) = 6*g(r) + 17*q(r). Determine i(s).
-3
Let a = 4 - 9. Let q(k) be the second derivative of 0 - 1/6*k**3 - 5*k + 0*k**2. Give q(a).
5
Let n(r) = 3*r**2 - 2*r - 3. Let q be ((-4)/(-2) - 3) + (-3 - -2). Calculate n(q).
13
Let c be (-8)/36 + (-4)/(-18). Let w(n) = -n**3 - n**2 + 8. Give w(c).
8
Let c(k) be the first derivative of k**2 + k + 1. Let m be 1*(-1 + -2) - -1. Let u = 0 - m. Determine c(u).
5
Let t = 2 - 0. Let g(x) = 2 + 2*x + 5 + 3*x**2 - 4 - 2*x**t. Determine g(-3).
6
Let y(t) = 5*t + 1. Suppose -o + 2*s - 14 = 3*o, 2*o - 2*s + 12 = 0. Determine y(o).
-4
Let k(v) = -v**2. Let h(j) = 5*j**3 - j**2 + 2*j + 6. Let m(q) = -q**3 + q**2 - 1. Let i(p) = h(p) + 6*m(p). Let c(r) = i(r) + 5*k(r). Determine c(-2).
4
Let u(h) = h**3 + 11*h**2 + 11*h + 13. Let r be u(-10). Let o(f) be the first derivative of 1/2*f**2 - 1/4*f**4 + 1 + 0*f**r + f. What is o(-2)?
7
Let a(x) = x**2 - 8*x + 4. Suppose -17*z + 16*z = -8. Give a(z).
4
Let k(l) = -3*l + 1. Let s(i) = -i**3 - 8*i**2 - 8*i - 8. Let t be s(-7). Let c(z) = -1. Let p(y) = t*c(y) - k(y). Determine p(-3).
-9
Suppose 0 = 2*n + 4 + 2. Let m = n + -2. Let g(a) = 4*a - 5 + 2*a**2 + 0 - a**2. What is g(m)?
0
Suppose -15*k = 8*k + 69. Let d(a) = 2*a**2 - 2*a - 3. Determine d(k).
21
Let p(w) = w + 4*w - 8 + 6 + 1. Calculate p(-1).
-6
Let c(d) = -d**2 + 8*d - 3. Suppose -40 = -3*p - 2*p + 4*a, -3*a + 16 = 2*p. Give c(p).
-3
Let h(j) = -11*j**3 + 9*j**2 - j - 4. Let z(f) = 3*f**3 - 2*f**2 + 1. Let l(i) = 2*h(i) + 9*z(i). Det